*m - 23. List the prime factors of h(32).
3, 227
Let z(s) = s + 127. Let x = 9 - 9. List the prime factors of z(x).
127
Suppose 4*u + 2479 = a, 0*u = 4*u + 16. List the prime factors of a.
3, 821
Let d = 93 - -150. Let q = -142 + d. List the prime factors of q.
101
Suppose -7*v = -2*v - 3155. What are the prime factors of v?
631
Suppose 0 = 10*w - 1179 - 881. What are the prime factors of w?
2, 103
Let b(l) = l - 20. Let z be b(24). Suppose -5*y + 115 = 5*h, 0*y - 94 = -z*y - 5*h. What are the prime factors of y?
3, 7
Let u = 75 + -191. Let l = u + 254. What are the prime factors of l?
2, 3, 23
Suppose -4*z - 70 = -2*z. Let c = z + 54. List the prime factors of c.
19
Suppose -2*r = 2*q - 1152, -69*r + 64*r = 4*q - 2883. List the prime factors of r.
3, 193
Suppose -23*j + 1634 = -9636. What are the prime factors of j?
2, 5, 7
Suppose x - 6*x = 2*l + 25, -5 = x - 5*l. Let s = 7 - x. What are the prime factors of s?
2, 3
Let r(x) = -3*x**2 + 7*x - 22. Let l be r(5). Let y = l + 106. What are the prime factors of y?
2, 11
Let p(h) = -h. Let i(t) = 16*t - 6. Let x(r) = i(r) + 5*p(r). Let z be x(4). Suppose 0 = 4*v - z - 14. List the prime factors of v.
13
List the prime factors of (-36380)/(-70) + (-4)/(-14).
2, 5, 13
Let i(o) = o**2 + 99. Let j be i(0). Let w(c) = -23*c + 211. Let x be w(8). Let l = j - x. What are the prime factors of l?
2, 3
Suppose 0 = 5*z - w - 3340, -z - 694 = -2*z - 5*w. What are the prime factors of z?
3, 223
Let y(h) = -97*h - 18. List the prime factors of y(-5).
467
Suppose 2*w + w - 9 = 0. Suppose -w*p + 7 + 5 = 0. Suppose 10 = 5*k - 2*i, 0 = 5*k - p*i - i - 10. What are the prime factors of k?
2
Let o(g) = -g**2 + 0*g + 4 - 1 + 0*g + 4*g. Let q be o(4). What are the prime factors of 161/q + (-5)/(-15)?
2, 3
Let j be -3 + (15 - 0/(-3)). Let y = -14 + j. What are the prime factors of ((-152)/(-6)*-3)/y?
2, 19
Let r be -1*3*104/12. What are the prime factors of r/4*12/(-6)?
13
What are the prime factors of 1/2 + (-1 - (-10950)/12)?
2, 3, 19
Suppose 78 = 4*y + l - 3*l, -l + 29 = 2*y. Let m = -17 + y. Suppose 0 = 5*d - 2*i - 141, m*i + i - 31 = -d. What are the prime factors of d?
29
Let h(f) = 3*f + 1. Let m(l) = 2*l + 1. Let b(s) = 3*h(s) - 4*m(s). What are the prime factors of b(6)?
5
Suppose -5*m + 8*c = 10*c - 9447, -2*m - 5*c = -3762. What are the prime factors of m?
31, 61
Suppose -718*a + 715*a = -12168. What are the prime factors of a?
2, 3, 13
Suppose 3 = 3*o - 9. Suppose o*y - 24 = y. Suppose y = -4*v, -2*r - 4*v = 2*r - 84. List the prime factors of r.
23
Suppose -2*g + 2 = -4, -2*s + 2*g + 26 = 0. Let l(d) = d**2 - 13*d - 10. List the prime factors of l(s).
2, 19
Let f(z) = -7*z**2 + 3*z - 4. Let g be f(1). What are the prime factors of g/20 + (-501)/(-15)?
3, 11
Let w(j) = -j + 13. Let r be w(7). Suppose 0 = 5*x - 3*v - 56, 43 = -2*x + r*x - 3*v. List the prime factors of x.
13
Let y = 1674 - 211. What are the prime factors of y?
7, 11, 19
Let q = 1456 - 769. What are the prime factors of q?
3, 229
Suppose -4218 = -5*q - 4*c + 2*c, 2*q - c - 1680 = 0. List the prime factors of q.
2, 421
Suppose -3*y + 11*p - 15*p = -876, 5*p - 1167 = -4*y. What are the prime factors of y?
2, 3
List the prime factors of (-249756)/(-117) + 6/(-9).
2, 11, 97
Let g = -5655 + 8404. List the prime factors of g.
2749
What are the prime factors of 55792/(-264)*3/(-2)?
317
Let a be (1/3)/((-1)/(-156)). Suppose -2*y - a = 4*s, 0 = -y + 5*s - 2*s - 11. Let r = y - -57. What are the prime factors of r?
37
Suppose 5*m = 4*d + 1885 + 3855, 4592 = 4*m + 3*d. List the prime factors of m.
2, 7, 41
Suppose 6 = -3*g + 4*g. Suppose -93 = -8*r + 3. Let v = g + r. What are the prime factors of v?
2, 3
Suppose -5*u = -11*u + 30. Suppose -u*n = -126 + 1. List the prime factors of n.
5
Suppose 2*x = -5*a - 2*x - 65, 0 = -3*a - 4*x - 47. Let b = -11 - a. Let h(z) = -z. What are the prime factors of h(b)?
2
Suppose 0 = -5*d + 5*s + 9645 + 2615, 10 = -2*s. What are the prime factors of d?
2447
Let z = 21 - 39. Let k be z/(-12) + (-3)/(-6). List the prime factors of 3/(k - (-10)/(-6)).
3
Suppose 3*v + 2*v - 27 = -m, 0 = m - 2*v - 41. Let w = m - -8. Suppose 2*c = w - 7. List the prime factors of c.
19
Let g(n) = 24*n. Suppose -z - 8 = l + z, -5*l - 15 = 5*z. List the prime factors of g(l).
2, 3
Let s(l) = -4*l. Let i(u) = -4*u - 1. Let v(a) = 5*i(a) - 4*s(a). Let z = -114 - -107. What are the prime factors of v(z)?
23
Suppose -5*l - v - 3 = 0, -2*l + 3*l - 4*v + 9 = 0. What are the prime factors of 522/3 + l + -4?
13
What are the prime factors of -4*(2 - 110/4 - -2)?
2, 47
Let x = 1401 + -1297. List the prime factors of x.
2, 13
Let s(i) = -i**2 - 5*i + 4. Let t be s(-5). Suppose -t*p - f - 2*f + 146 = 0, 4*f = 8. What are the prime factors of p?
5, 7
List the prime factors of ((-12304)/(-32))/((-3)/(-6)).
769
Let y = -31 + 34. Suppose 5*i + 2*c = 206, -y*i = 2*i - c - 197. What are the prime factors of i?
2, 5
Suppose -17 + 73 = -4*q. What are the prime factors of 4/q - ((-4560)/35 - -2)?
2
Let s be (-6)/3*476/8. What are the prime factors of (-68)/s - 206/(-7)?
2, 3, 5
Let s be 2/(-2)*(-2 - -2). Suppose -2*w + 4*z = -2, 2*w - 2*z - 3*z - 1 = s. Suppose -r - w*r + 108 = 0. What are the prime factors of r?
3
Suppose -2*m - 5*q + 790 = m, -4*m - 5*q + 1045 = 0. What are the prime factors of m?
3, 5, 17
Suppose -q - 3490 = -2*m + 3*q, -2*m - q + 3485 = 0. What are the prime factors of m?
3, 7, 83
Suppose -68 = 16*f + 28. Let m(g) = 8*g + 12. Let d(p) = 56*p + 84. Let c(n) = -3*d(n) + 20*m(n). List the prime factors of c(f).
2, 3
Let x = -306 + 312. Let i(o) be the third derivative of -o**5/60 + o**4/2 - 2*o**3 - o**2. List the prime factors of i(x).
2, 3
Suppose -2*t - 4*s - 70 = -5*t, 2*s = -5*t + 82. List the prime factors of t.
2, 3
Let h(d) = d**2 - 33*d + 71. What are the prime factors of h(-10)?
3, 167
Let i be (-2 - -3) + 4 - 0. List the prime factors of 49*i/10*2.
7
Suppose -16340 = -10*z - 10*z. List the prime factors of z.
19, 43
What are the prime factors of (-17283)/(-12) + (-2)/24*3?
2, 3, 5
Suppose y - 88 = 2*z, 3*z = -5*y - 0*z + 479. Suppose 3*p - 8 = y. Suppose -p = -2*x - 3*i + 5, 0 = 4*x - 5*i - 67. List the prime factors of x.
2, 3
Let v(i) = -23*i**2 - 2*i**3 - 3 + 5*i**3 - 4*i**3 - 16*i + 18*i**2. List the prime factors of v(-7).
3, 23
Suppose 4*v + 4 = 32. Suppose -4*y + v*y - 51 = 0. What are the prime factors of y?
17
What are the prime factors of 1474305/350 + (-3)/10?
2, 3, 13
Let i = -19 + 24. Suppose 0 = -i*n + 8*n - 534. Let c = -112 + n. List the prime factors of c.
2, 3, 11
Let r(j) be the third derivative of -1/60*j**5 + 1/2*j**3 + 11*j**2 - 2/3*j**4 + 0*j + 0. List the prime factors of r(-16).
3
Let r(u) = u**3 - 7*u**2 + u - 5. Let h be r(7). Suppose 0*o - h*o + 48 = 0. List the prime factors of 2 + o/3 + -1.
3
Suppose -235 = -4*w + 2189. What are the prime factors of (w/(-4))/((-9)/12)?
2, 101
Suppose 4*o - 6 = 14. Suppose -o*h + 15 = 2*s, 4*h - 3 = h. Suppose -d = j - 0*d - 29, 5*d + 165 = s*j. List the prime factors of j.
31
Let f = -203 + 199. Let l(o) = -2 - 7*o - 3 + o**3 + 0 + 5*o**2. What are the prime factors of l(f)?
3, 13
Let f be 102/10 + 1/(-5). Suppose -253 = -4*j - r, 0 = -2*r + 4*r - f. List the prime factors of j.
2, 31
Suppose -5*c + 3*c = -50. List the prime factors of ((-20)/c - -2)/((-2)/(-120)).
2, 3
Let m(g) = g**3 - 11*g**2 + 12*g - 1. Let d be ((0 - 3) + 1)*-3. Let q = d - -4. What are the prime factors of m(q)?
19
List the prime factors of (-692)/(-10)*(-10)/(-4).
173
Let u(q) = 4*q + 5. Let p(n) = -3*n - 5. Suppose -2*d - 3*d - 22 = -k, 0 = -5*k + 3*d + 22. Let f(b) = k*u(b) + 3*p(b). List the prime factors of f(-10).
5
Suppose 43*b - 40*b - 1185 = 0. What are the prime factors of b?
5, 79
Let s = 3 - 1. Let d(k) = 2*k**2 + 9*k - 18. Let h be d(-8). Suppose 0 = -4*b + 3*j + 28, 5*b + 2*j - h = s*b. List the prime factors of b.
2, 5
Suppose 15*v = 4*v + 2453. What are the prime factors of v?
223
Suppose 0 = -27*z + 16*z + 6171. List the prime factors of z.
3, 11, 17
Suppose 32*o = 15043 + 13693. List the prime factors of o.
2, 449
Let r = 3 + -15. What are the prime factors of 58 - 9/(27/r)?
2, 31
Suppose 0 = -b + 6*b. Let u(a) = a**2 + 6*a. Let t be u(-5). Let v = b - t. What are the prime fa